hat is (10 - (19 - -1)) + 20?
10
What is the value of -3 - 7 - (-12 + 8)?
-6
What is -20 - -29 - (0 - -4)?
5
What is 5 - (-2 - (8 + -18))?
-3
What is the value of -5 + (20 - 8) + -4?
3
(2 - (-5 - 0)) + -4 - 1
2
Evaluate -7 - ((-12 + 4 - 1) + 7).
-5
Evaluate -7 + 5 + 3 - (-9 - -6).
4
(13 - 7) + -6 + 0 + -3
-3
What is (-2 - -12) + -4 + -6?
0
(-9 - (-18 + 11)) + 11
9
What is the value of 6 - (5 + (0 - 4))?
5
What is (7 - 1) + (0 - 6) - 4?
-4
Evaluate (1 - 26) + 10 - -14.
-1
What is the value of -1 + 5 + -3 + -2 + -1?
-2
0 + 1 + (30 - 35)
-4
Calculate -3 + (-1 - (-5 + (2 - 1))).
0
Calculate 4 + -1 - (-16 - -20).
-1
What is (3 - -3) + (-12 - -1)?
-5
What is -1 + 3 + (1 - (-1 - 0))?
4
Calculate 1 + -5 + (-3 - 0) + 11.
4
Calculate 6 - ((1 - 1) + (-1 - -4)).
3
8 + -5 + -12 + 4 + 3
-2
What is 3 - 0 - (0 + -6 + 5)?
4
What is (0 - 1 - (14 + -20)) + -6?
-1
2 + -5 - 2 - -4
-1
Evaluate 0 - 0 - (-5 - -6).
-1
What is the value of -6 + -10 + 7 - -11?
2
What is 6 - (-3 + -5 + 8)?
6
What is the value of 2 + 3 + (0 - 9)?
-4
11 + -12 - (2 + (-2 - -2))
-3
-7 + 19 + (-8 - -2)
6
10 + 6 + (9 - 32)
-7
What is the value of 0 + 6 + (14 + -36 - -18)?
2
Calculate -11 - (-6 - -2) - 1.
-8
Evaluate 10 + -2 + (-5 - 15 - -14).
2
Calculate (1 + -5 - -3) + -4.
-5
What is 4 + (-2 + -1 - -4)?
5
What is the value of (-2 - (-5 + 5)) + 3 - -5?
6
26 + -25 + 3 + -2
2
8 + -4 + 9 + -8
5
What is the value of -13 - -16 - (8 - 0)?
-5
Evaluate (3 + 1 - (1 + 5)) + 4.
2
What is the value of (-6 - -3) + (0 - -1 - 0)?
-2
Evaluate -4 - -4 - -3 - 0.
3
What is -9 + -2 + 5 + 0 + 0?
-6
What is 7 + (3 + -4 - 3)?
3
(-12 - -13) + (1 - -1)
3
Evaluate -3 + 1 + (-3 - -1) + 2.
-2
Evaluate 3 - 4 - (3 + 2 + -3).
-3
What is (-7 - -2) + 0 - -7?
2
Calculate (2 - -2) + 22 + -29.
-3
5 + (7 + -2 - 6)
4
(-2 - -8) + -4 - (0 + -2)
4
-3 + (-2 - (-10 - -2)) - -1
4
What is (-1 + -1 - (4 - 4)) + -1?
-3
Evaluate 0 - (-3 - -2 - 0 - -3).
-2
Calculate (-9 - (-5 - (8 + -7))) + 11.
8
Calculate 2 - -2 - -2 - 5.
1
Evaluate 4 - (3 + -6 - -7).
0
-8 - (6 - (0 - -3) - 6)
-5
What is (0 - (-2 - 1)) + -3 + 4?
4
Calculate -8 - -11 - 6 - (1 - 7).
3
What is -18 - -24 - (5 + -2 + -2)?
5
Calculate 3 - (1 - (7 - 4)).
5
What is the value of (14 - 11) + -4 + -2?
-3
Calculate 4 - (5 + -9 + 4).
4
What is the value of 14 + -15 + 12 - 8?
3
What is the value of 8 + (-3 - 3) - (-2 + 2)?
2
What is (-1 + -2 + 1 - -1) + 6?
5
(-1 - -4) + 3 + 0
6
What is -1 - (8 + -6 + -7)?
4
What is the value of (1 + 1 - 4) + 13 + -15?
-4
What is the value of 1 - -3 - ((12 - 8) + 0)?
0
Calculate -2 + -2 + -32 + 30 - -1.
-5
Calculate -15 + 8 - (0 + -1 + -1).
-5
What is the value of -6 + 6 + (-3 - -4) + 0?
1
What is the value of (-7 - -10 - -8) + -3?
8
Calculate -9 - (-10 + (-12 - -11)).
2
What is -31 + 26 + (1 - -2)?
-2
What is the value of -8 + (13 + -15 - -4)?
-6
Evaluate 6 + (0 - -3) + -14.
-5
Calculate (4 - -1) + -11 + 3.
-3
What is 1 - (4 + (0 - 0))?
-3
What is the value of 8 + -9 - 0 - -6?
5
What is 1 + 5 + -55 + 54?
5
What is the value of 17 + -12 - 3 - (1 - 4)?
5
-4 + 1 + 4 + -5 + 0
-4
9 - 1 - (-29 - -42) - 2
-7
What is the value of -2 + 2 + -3 + 6 + -6?
-3
Evaluate 2 - 0 - (-3 + 5).
0
Evaluate 0 + (5 - (4 + 2)) + 2.
1
Evaluate -2 + 1 + (-1 - (-3 + 3)).
-2
Calculate (0 - (-3 - -10)) + 6.
-1
What is (8 - 0) + -11 + 0?
-3
-4 - (4 - 2) - -1
-5
Calculate (-3 - (-6 + 2) - 5) + -1.
-5
-6 + (10 - 2) - (-2 - 0)
4
-1 - (3 - 5) - (-5 + 1)
5
What is -6 + (-4 - -4) - -4 - -2?
0
-3 + -1 + 0 - (12 - 15)
-1
Evaluate -32 - -36 - (8 - 1 - 2).
-1
Calculate 7 + (3 - -6) + -19.
-3
What is the value of 2 - (4 - (3 - 5) - -6)?
-10
Calculate 4 - (3 + (4 - (9 + -1))).
5
What is the value of -20 - -13 - (-1 - 4) - -2?
0
Calculate 4 + (-11 - -7) + (12 - 5).
7
(-6 - -6 - 7) + -1 + 7
-1
Calculate -7 + 1 - (16 + -20).
-2
Calculate (0 - -2) + -4 + 7 + -1.
4
What is -1 - 7 - (4 - 9)?
-3
What is the value of -51 - -56 - (3 - 2 - -4)?
0
-3 + (2 - 7 - (-36 - -25))
3
What is the value of -49 - -43 - (-2 - (-1 + 1))?
-4
What is the value of (-3 - (-9 + 7)) + 3?
2
What is the value of 8 - 3 - (8 - (7 - 3))?
1
What is the value of (4 - (0 + 2)) + -3?
-1
Calculate -2 - 11 - (4 - 11).
-6
What is the value of 2 + -10 + -3 + 15 + -7?
-3
(8 - (1 + 0)) + 1 + -3
5
What is -12 + 4 + (3 - -7)?
2
2 + 3 - (-24 - -34)
-5
Evaluate (8 + (-5 - 0) - -6) + -4.
5
Calculate -2 + (10 - (18 + -2)).
-8
What is -1 - -3 - (-6 - (-3 - 1))?
4
What is (40 - 36) + (-6 - 0) - -2?
0
Evaluate 1 - ((-11 - -12) + -4 + 0).
4
What is (-14 + 11 + -4 - -10) + -10?
-7
What is -4 + 0 - (-2 + -4)?
2
What is -5 + (6 - (2 + 6))?
-7
Calculate (-12 + 17 - -1) + 1.
7
What is the value of 4 - ((2 - 1 - 0) + 3)?
0
What is -2 + 8 + (5 - 4 - 1)?
6
What is the value of -1 - ((-3 - -3) + -4)?
3
(-8 - -8) + (-2 - -5)
3
What is 0 + (1 - -3 - 2) - 3?
-1
-4 - 2 - (-17 - -16)
-5
(-2 - -5) + (-1 + -1 - -4)
5
(-1 - 11) + (22 + -1 - 14)
-5
0 + 5 + (4 - 2) + -5
2
(-1 + 3 - -1) + 0
3
9 + -2 + 3 + -5 + -7
-2
What is (3 - 3) + (-4 - -1)?
-3
What is (-12 - -7) + 3 - (-3 - 5)?
6
Calculate 7 + (6 - 8) - 12.
-7
4 + -7 + 3 + 0 + -1
-1
Evaluate -7 + (-4 - -17) + -7.
-1
What is the value of -2 + 9 + -1 + -10 + -1?
-5
Calculate 14 + -6 + (-7 + -8 - 3).
-10
What is 5 + -10 - (-2 + -3)?
0
What is the value of 5 - (4 - 5 - -9)?
-3
What is 14 - 3 - (3 - -5)?
3
What is -5 + 9 - -4 - 3?
5
-3 + 6 - 3 - 5
-5
Evaluate (2 - 8) + 13 + -3.
4
What is -3 + 10 + 1 + -3?
5
Calculate 1 + 6 + (2 - (14 + -13)).
8
What is the value of (-4 - 9) + 6 + -1?
-8
Calculate -36 + 22 - (-11 + 4).
-7
1 + -4 - (-8 + 7) - -6
4
-3 + 4 - (-7 + 7 + 1)
0
Calculate 3 + 3 + 0 + -8.
-2
Evaluate -11 + (3 - -5) + 5.
2
4 + -4 + 1 - -4
5
4 - (7 + -7 + (13 - 6))
-3
What is 5 - ((32 - 25) + (-6 - -1))?
3
Evaluate 24 + (2 - -1) + -17.
10
Calculate -3 - (-3 - (-8 + 2 - -3)).
-3
Calculate -2 - -4 - (2 - (13 - 9)).
4
Evaluate (-78 - -88) + 2 + -9.
3
Calculate 1 - 7 - -2 - (-2 + 0).
-2
What is the value of (-7 - -2) + -1 + 8?
2
Calculate -7 - ((-2 - -7) + (-3 - 1)).
-8
Calculate (1 - 0) + -1 + -1.
-1
-1 - 0 - (-1 - (3 - 5))
-2
What is -2 + (4 - (-4 - -5)) - -1?
2
-10 - ((-4 - -11) + -12)
-5
Evaluate -1 + 9 + -4 + -9.
-5
What is the value of (-5 - (-6 + 3)) + 2?
0
What is -5 - (3 + -1 - 4)?
-3
What is (-3 - 0) + (1 - 5) + 2?
-5
What is the value of 3 + -6 + 2 - (-8 - -12)?
-5
Calculate 5 - 15 - (-5 + 0).
-5
Calculate 2 - (-4 - (-4 + 3 + -3)).
2
What is the value of (-1 - 7) + (2 - 0)?
-6
Calculate 0 - -1 - (0 - 4 - -2).
3
What is -1 - (2 + -1 + 4) - -1?
-5
What is the value of (4 - -10 - 16) + 0 + -3?
-5
What is 3 + (-5 - (3 + -10 + 4))?
1
Calculate (3 - 0 - 5) + (-2 - -2).
-2
Calculate (46 + -36 - (0 + 7)) + -2.
1
-2 - (-11 + (-1 - -6 - -3))
1
What is the value of (-7 - 2) + 4 + 3 + 12?
10
What is 3 - (8 - 5) - -2?
2
Evaluate (5 - 0) + (0 - (1 + 0)).
4
Calculate 10 + -26 + 19 - (-2 + 1).
4
Evaluate -2 - (-5 + 7) - (1 + -8).
3
What is 1 + (6 + -1 - (-2 + 3))?
5
What is (-2 - (-6 + 3)) + -4?
-3
What is the value of (9 - 2) + -38 + 28?
-3
Evaluate -37 + 25 + 2 + 9.
-1
What is 17 + -27 + (-4 - -13)?
-1
Calculate 4 - (0 + -7 + 12).
-1
Calculate 1 + -10 + 16 - (8 - 2).
1
What is 0 + -2 + (55 - 55)?
-2
What is -3 - (-4 - (-2 + 0))?
-1
What is 8 - (-2 - -3) - (7 - 2)?
2
Evaluate -16 + (26 - 16) - (2 + 0).
-8
-15 + 16 - (0 + 3)
-2
-6 + 5 + -4 + 6
1
Evaluate 11 - 2 - ((-4 - -16) + -8).
5
What is -7 - (-4 + 3) - 1?
-7
What is the value of 0 + -1 - (3 - 1) - -4?
1
Evaluate 37 + -24 + 2 + -7.
8
What is the value of 7 + (9 - 18) + 9?
7
What is (-2 - 0 - -7) + 0?
5
-29 + 22 + (0 - -13)
6
What is 2 + -1 + (4 - 3)?
2
(19 - 23) + (1 - (-6 - -1))
2
What is (-6 - (6 - 6)) + 1?
-5
What is 75 + -63 + 0 + -8 + 0?
4
What is (-14 - -6) + -3 + 6?
-5
Calculate -1 + (-5 - (-5 + 1)).
-2
What is the value of 0 - (1 - (-4 - -1)) - -3?
-1
What is 26 + -14 + -12 + (-1 - -1)?
0
5 - (2 - (7 + -8))
2
-1 - (-6 + 3 + 7)
-5
Evaluate -2 + (0 - 2) + -2 + 2.
-4
Calculate -13 + -4 + 10 - -5.
-2
What is 0 + (3 - ((6 - -1) + 4))?
-8
What is -2 - 1 - (5 - 9)?
1
Calculate 3 - 6 - -6 - 3.
0
What is the value of (8 - 19 - -5) + 3?
-3
What is the value of (-5 - 1) + 9 - 1?
2
Evaluate -6 - (-7 - (-7 - -4)).
-2
7 + (-4 - 5) + -10 + 5
-7
Calculate 10 - (3 + (6 - 6) - -1).
6
What is the value of 1 + (-1 + 4 - 7) + 5?
2
What is -8 - (-2 - 2) - -6?
2
Evaluate -1 - (-3 + 